i?
2
Suppose 5*o + 35 = j, -72 = -3*j + 2*o + 46. What is the tens digit of j?
4
Suppose -58*n + 59*n - 64 = 0. What is the tens digit of n?
6
Suppose 1254 - 372 = 7*f. What is the hundreds digit of f?
1
Let w = -11 + 15. Let g = -2 + w. What is the units digit of g?
2
Let t(q) = -q**3 - 16*q**2 - 3*q - 11. What is the tens digit of t(-16)?
3
Suppose 0 = -0*u + 2*u + 96. What is the units digit of (-5)/(20/u)*1?
2
Let i be ((24/2)/(-2))/1. Let z(c) = -3 - 1 - 6*c**2 - c**3 + 0*c**2 - 2*c - 3. What is the units digit of z(i)?
5
Let j(s) = -7*s - 7. What is the tens digit of j(-6)?
3
What is the tens digit of (-10)/(-25) + 0 - 233/(-5)?
4
Suppose 4*a - 12 = -4*y, -4*a + 0 + 3 = -5*y. Let f = 10 + y. What is the tens digit of f?
1
What is the units digit of -1*1*(-3)/1?
3
Let z = 148 - 103. What is the units digit of z?
5
Let x = 34 + -15. Suppose -2*t + t = x. Let a = -13 - t. What is the units digit of a?
6
Let z be (-2)/4 + 10/4. Let g be 1/(-4) + z/8. Suppose g = 2*t + 6 - 22. What is the units digit of t?
8
Let p(f) = -f**3 + 6*f**2 + 8*f - 3. Let r be p(7). Suppose 3*a = -12, 4*o - r*a = 1 + 3. Let t = -1 - o. What is the units digit of t?
2
Let s = -4 + 14. Suppose 0 = -3*i - 2*i + s. Suppose -i*g - 3 = -p, 2*p - 3*g - 9 = -0*p. What is the units digit of p?
9
Let l be 7/7*(4 + 1). Suppose -x + 17 = -l*o - 10, -2*x = -4*o - 48. What is the units digit of x?
2
Suppose -3*a + 100 = 2*a. What is the tens digit of a?
2
Let w(t) = t**2 + 3*t + 2. Let u be w(-3). Let h be (-4 + (-2 - -5))*-5. What is the units digit of 48/h + u/5?
0
What is the units digit of (-1)/((9/(-246))/3)?
2
Let i be ((-6)/4)/(18/(-48)). Suppose -i*c - 27 = -5*c. What is the tens digit of c?
2
Let s = -1 - 0. Suppose 0 = n + 5 - 19. Let c = s + n. What is the units digit of c?
3
Let d = -6 - -4. What is the units digit of 4/((-8)/9)*d?
9
Let l be (3 - 1)*(-39)/(-6). Let m = l - 2. What is the tens digit of m?
1
Let y(t) = -t + 7. Let a be y(-6). Let q = 18 - a. What is the units digit of q?
5
Suppose 12*x = 399 + 669. What is the tens digit of x?
8
What is the units digit of ((-43)/2)/((-10)/20)?
3
Let r(n) = n**2 - 2*n - 19. What is the units digit of r(13)?
4
Let a = -95 - -241. What is the hundreds digit of a?
1
Suppose 1225 = 13*y - 8*y. What is the hundreds digit of y?
2
Let n = -275 + 75. What is the units digit of n/(-12) + 4/(-6)?
6
Let m(d) = -d**3 + 10*d**2 + 9*d + 13. Let o be m(11). Let g = 16 + o. What is the units digit of g?
7
Suppose m + 320 = 6*m. Suppose -5*f = -3*f - m. Suppose -3*h + f = h. What is the units digit of h?
8
Let g(y) = y + 4. Let l(c) = c**3 + 6*c**2 + 5*c. Let f be -7 + (0 - -1) - -1. Let w be l(f). What is the units digit of g(w)?
4
Let y = 10 - 20. Let h = -4 - y. What is the units digit of h?
6
Let l(s) = 3*s**2 - 16*s + 50. What is the units digit of l(8)?
4
Suppose 0*v + 26 = 2*v - u, -4*u - 20 = -v. Suppose -s + v = s. What is the units digit of s?
6
Suppose -2*f = -2*k, 0*k = -5*k + 10. Suppose 2*w - 6 = -3*h - f, 4*h = 5*w - 33. What is the units digit of w?
5
Let g be 4/8 - 14/(-4). Suppose 35 = 2*h + m, -h - g*m + 0*m = 0. What is the tens digit of h?
2
Suppose -q - 5*l + 6 = 0, 5*q - l = 2*q + 2. Let a = q + 4. What is the units digit of a?
5
Suppose -34*q - 310 = -36*q. What is the units digit of q?
5
Suppose -21 = -4*i - 0*j - j, -4*j = 4*i - 36. Suppose -i*c - c + 255 = 0. What is the units digit of c?
1
Let k(v) = -v**2 + 6*v - 4. Let s be k(4). Suppose -4*w + 34 = 5*j - 7*w, 0 = -2*j + s*w + 8. Let h = j + -3. What is the units digit of h?
5
Suppose 4*h + 3 + 2 = 3*w, -5*h = 5*w - 20. Suppose -p = w*p + 8. Let a = 3 + p. What is the units digit of a?
1
Let w = 4 - -94. What is the tens digit of w?
9
Suppose z + 1 = 6. Let x = z - 3. What is the units digit of x?
2
Let y(p) = 3*p - 14. Let o be y(6). What is the units digit of (2/o - 1)*-36?
8
Let t = 8 + -6. What is the units digit of 2/3*3/t?
1
Let l be (-10)/25 - (-4)/10. Suppose l = 3*o - 5*o + 48. What is the tens digit of o?
2
Let i(r) = 1 - 6*r**3 - 3*r**3 + 0. Let s be i(1). What is the units digit of (s/(-6))/((-4)/(-18))?
6
Suppose 2*a = -5*n + 499, -n - 590 = -4*a + 441. What is the units digit of a?
7
What is the units digit of (1 - (0 + 0)) + 1?
2
Suppose -16 = s - 2*s. What is the tens digit of s?
1
Let f(o) = o**2 + o - 4. Let g be f(-3). What is the units digit of g/(-7) - (-148)/28?
5
Let t = 9 + -1. What is the units digit of t?
8
Suppose -5*z + 5*s = -2*z - 116, -2*z - 2*s + 88 = 0. What is the units digit of z?
2
Suppose 0 = -2*c + 1 + 7. Suppose c = -2*g, j - 6 = -g - 4. What is the units digit of j?
4
Let y(k) = 3*k - 8. Let a be y(6). Suppose 3*j = n + a + 12, 0 = 4*j - 5*n - 44. What is the units digit of (6/(-2))/((-2)/j)?
9
Let w(n) be the third derivative of 0 + 1/30*n**5 + 1/24*n**4 + 1/6*n**3 - n**2 + 0*n. What is the units digit of w(-2)?
7
Let b(z) = -z**2 + z - 73. Let c be b(0). Let r = c - -103. What is the units digit of r?
0
What is the tens digit of (1 - -19) + (-2)/1?
1
Let p = -7 - -5. Let i be 0 + (3 - (p - -7)). What is the units digit of 1/i*-6 - -5?
8
Let d(c) = c**2 + 4*c + 4. Let a = 10 - 16. What is the tens digit of d(a)?
1
Let m(b) = -b + 1. Let a be m(4). Let y be (8 + a)*(-6)/5. Let o = 3 - y. What is the units digit of o?
9
Suppose -l + 124 = 2*k + 2*l, 0 = -3*k + 5*l + 205. Suppose -5*v = -4*s - k, -5*v + 3 + 32 = 2*s. What is the units digit of v?
9
Suppose 2 - 4 = q. Let r = 6 + q. Suppose 0 = r*l - 24. What is the units digit of l?
6
Let k = 34 - 20. Suppose -4*w + 4 = i - k, 4*w = 2*i. Let r(q) = q**3 - 6*q**2 + q - 4. What is the units digit of r(i)?
2
Let k(f) = -2*f**2 + 19*f + 6. What is the units digit of k(8)?
0
Suppose -5*a = 4*i - 96, -2*i - i - 5*a + 77 = 0. What is the units digit of i?
9
Suppose 3*m - g - 12 = -0*g, 4*m - 16 = 2*g. What is the tens digit of (14 + m)*(-4)/(-6)?
1
Suppose -4*r - 55 = -q, 0 = r - 5*r + 20. Suppose 5*l + 30 = q. Let a = l - -2. What is the tens digit of a?
1
Let d = 20 - 10. Suppose z + d = -4*z. What is the units digit of 0 - -2*(-9)/z?
9
Let q = 5 - 3. What is the units digit of 10 + 1*q*-1?
8
Let u be ((-4)/(-6))/((-2)/(-12)). Suppose -5*c - u*b = -25, 2*b = -3*c + b + 15. What is the units digit of c?
5
Suppose 3*q + 4*y = 47, 4 = -3*y - y. What is the tens digit of q?
1
Let r(s) = 18*s - 8. What is the tens digit of r(4)?
6
Let s(p) = 3*p**2 + 6*p + 1. Let c be s(6). Let b = 96 - c. What is the units digit of (-896)/b + 4/(-14)?
8
Let a = 14 - 10. Suppose -3 = -3*p, -4*x - a = -p + 45. What is the units digit of 1 + 4/(x/(-9))?
4
Let d(j) = -16*j - 10. What is the units digit of d(-1)?
6
Suppose 4*k + 2*m + 26 = 0, -k - 18 = 5*m - 7. What is the units digit of ((-2)/k)/((-2)/(-30))?
5
Let c be 32 + 3 + -2 + 3. Suppose -4*r = -r - c. What is the units digit of r?
2
Let s(m) be the third derivative of 5*m**4/24 - m**2. What is the units digit of s(2)?
0
Suppose -206 = -3*c + 2*y + 179, -3*c + 3*y + 390 = 0. What is the tens digit of c?
2
Let b(u) = -10*u - 1. Let a(o) = -21*o - 2. Let s(z) = -6*a(z) + 13*b(z). Let m be 1*(4/(-8))/((-1)/(-8)). What is the units digit of s(m)?
5
Suppose -5*g + 9 = -21. What is the units digit of g?
6
Let s(k) = -k**3 + 13*k**2 + 17*k - 6. What is the hundreds digit of s(13)?
2
Suppose -89 = -3*r + 208. What is the tens digit of r?
9
Let a(x) = -2 + 3*x**2 + 2*x + x - 2*x + x. Let i(u) = u**2 - 7*u + 4. Let k be i(6). What is the units digit of a(k)?
6
Suppose 4*j - 8 = 2*d, j = -2*d + 5*d - 3. What is the units digit of j?
3
Let k(u) = u + 2. Suppose -8 = -p - 4*s + 7, 2*s = 4*p - 6. Let x(h) = 2*h**2 - 5*h + 3. Let a be x(p). What is the units digit of k(a)?
8
Let c = 124 - 56. Let o(z) = z - 6. Let d be o(6). Suppose -3*t - t + c = d. What is the units digit of t?
7
What is the units digit of (-1 + 2 + -1)/(-2) + 20?
0
Let r = 5 - -3. What is the units digit of r/6 - 4/(-6)?
2
Suppose 5*q - 12 = -4*g, 14 + 6 = -4*g + 3*q. What is the tens digit of (1 + g)*(2 + -13)?
1
Let p(m) = m**3 - m**2 + 2. Let k be p(0). Suppose -4*r = 3*j - 65, -43 + 6 = -k*r - 3*j. What is the tens digit of r?
1
Let u = -155 - -218. What is the units digit of u?
3
Suppose -5*o - 31 = 3*h - h, 0 = 4*h - 5*o - 13. Let g = 20 - 24. Let u = h - g. What is the units 